se 7
15024
Convert -179 (base 14) to base 2.
-100101111
-3245 (base 6) to base 7
-2120
What is 112413 (base 5) in base 10?
4108
11202122 (base 3) to base 8
6621
44225 (base 7) to base 16
2b55
Convert -1386 (base 12) to base 11.
-1777
13101001 (base 4) to base 5
1423021
Convert 46352 (base 8) to base 13.
8c68
What is -44a (base 11) in base 15?
-25d
560 (base 8) to base 6
1412
Convert -4304 (base 13) to base 10.
-9299
-aac (base 13) to base 10
-1832
What is 772 (base 9) in base 16?
278
What is 3033022 (base 4) in base 6?
141214
What is -89 (base 15) in base 11?
-108
What is -423 (base 10) in base 4?
-12213
What is -92c (base 14) in base 9?
-2424
-552 (base 9) to base 8
-704
Convert 100101001110110 (base 2) to base 14.
6d38
What is 728 (base 14) in base 7?
4051
Convert -10000001001 (base 2) to base 12.
-721
-75b5 (base 15) to base 12
-12508
4264 (base 10) to base 7
15301
What is 2012303 (base 4) in base 5?
234002
What is -156 (base 14) in base 15?
-132
Convert -6892 (base 11) to base 2.
-10001101011111
Convert -202100 (base 3) to base 7.
-1413
-20212322 (base 4) to base 15
-a6a8
2323 (base 5) to base 10
338
-111222121 (base 3) to base 16
-27d3
1416 (base 7) to base 5
4202
What is -2518 (base 12) in base 8?
-10144
Convert -321554 (base 6) to base 16.
-66ee
What is -20d (base 16) in base 3?
-201110
What is -8702 (base 9) in base 10?
-6401
-1929 (base 12) to base 6
-22053
1161 (base 7) to base 12
303
What is 1120212 (base 3) in base 15?
522
What is 88b8 (base 13) in base 8?
45207
20221221 (base 3) to base 2
1001111010010
Convert 312323 (base 4) to base 13.
17a5
What is 4237 (base 8) in base 11?
1727
What is -315110 (base 7) in base 16?
-d541
What is -4004 (base 13) in base 4?
-2021120
410 (base 10) to base 14
214
Convert -3803 (base 10) to base 11.
-2948
What is 20036 (base 8) in base 5?
230342
Convert -16560 (base 7) to base 15.
-1616
What is -101001011110 (base 2) in base 3?
-10122022
What is -2a5 (base 11) in base 9?
-436
What is -1000000010001 (base 2) in base 5?
-112423
Convert -6578 (base 10) to base 15.
-1e38
What is -424 (base 12) in base 11?
-4aa
Convert -2055 (base 13) to base 14.
-18ac
-30590 (base 10) to base 13
-10c01
Convert 2000 (base 11) to base 4.
221212
Convert -c6 (base 13) to base 6.
-430
What is -21002120 (base 3) in base 14?
-1c56
5836 (base 12) to base 10
9834
What is 6490 (base 11) in base 7?
33661
4461 (base 11) to base 7
23062
Convert 2224 (base 6) to base 10.
520
What is 201202 (base 3) in base 2?
1000010101
What is 2a18 (base 13) in base 12?
3649
What is -1011111020 (base 3) in base 9?
-34436
What is -941 (base 13) in base 12?
-ab2
What is -e3b4 (base 16) in base 14?
-1735a
265 (base 9) to base 2
11011101
What is -12aa (base 13) in base 5?
-41200
What is 122000 (base 4) in base 12?
b68
-9423 (base 10) to base 9
-13830
2202011 (base 3) to base 7
5560
What is 66236 (base 7) in base 3?
211202102
Convert -d3 (base 16) to base 9.
-254
422 (base 6) to base 3
12212
77114 (base 8) to base 13
11941
Convert 130 (base 16) to base 2.
100110000
90 (base 16) to base 14
a4
Convert -2200 (base 13) to base 11.
-3612
254352 (base 6) to base 7
124106
What is -1326 (base 8) in base 14?
-39c
Convert 233 (base 10) to base 6.
1025
Convert 3b52 (base 16) to base 13.
6bb2
What is -294 (base 11) in base 10?
-345
What is -27018 (base 9) in base 14?
-6910
Convert 33 (base 15) to base 12.
40
-22053 (base 10) to base 2
-101011000100101
-ed (base 16) to base 15
-10c
-2131013 (base 5) to base 16
-8e1f
Convert -12004 (base 5) to base 11.
-72a
Convert -368 (base 11) to base 6.
-2005
What is -3318 (base 9) in base 3?
-10100122
Convert 20101220 (base 3) to base 6.
33340
What is -542 (base 15) in base 8?
-2243
Convert 399 (base 13) to base 7.
1563
Convert -3186 (base 11) to base 13.
-1bb9
-100032 (base 7) to base 6
-205530
11234 (base 5) to base 16
333
Convert -21502 (base 7) to base 9.
-7351
Convert -42ab (base 12) to base 5.
-213311
Convert -2b64 (base 13) to base 3.
-22200122
Convert 356 (base 13) to base 11.
486
-220122 (base 4) to base 13
-123c
4322 (base 6) to base 8
1732
What is -5467 (base 11) in base 16?
-1c2c
Convert 101001111 (base 2) to base 15.
175
What is -248 (base 9) in base 12?
-152
What is -3233 (base 7) in base 5?
-14101
What is -114611 (base 9) in base 7?
-405142
1110011011111 (base 2) to base 15
22cb
-6055 (base 10) to base 14
-22c7
What is 65240 (base 7) in base 2?
11111101110111
5a38 (base 12) to base 15
2eee
Convert 5c8 (base 16) to base 7.
4213
-268 (base 10) to base 12
-1a4
7452 (base 13) to base 14
5c38
Convert 54b (base 16) to base 2.
10101001011
-a76 (base 12) to base 8
-2772
What is 2011 (base 7) in base 10?
694
Convert 24311 (base 5) to base 4.
130213
What is -1741 (base 9) in base 15?
-5dd
What is 10121 (base 3) in base 11?
89
Convert -4464 (base 7) to base 4.
-121032
-226 (base 13) to base 9
-451
What is 1111311 (base 4) in base 8?
12565
Convert 1502 (base 11) to base 13.
b61
What is 66227 (base 10) in base 7?
364040
-3544 (base 7) to base 12
-90a
-431 (base 7) to base 5
-1333
Convert -140566 (base 8) to base 7.
-264251
Convert 45b (base 16) to base 14.
599
What is 88 (base 14) in base 3?
11110
-11113 (base 6) to base 16
-615
44050 (base 6) to base 5
143303
What is d3a (base 14) in base 9?
3508
What is -13468 (base 9) in base 15?
-2a8e
Convert 133 (base 16) to base 9.
371
4205 (base 6) to base 4
32231
What is 4 (base 5) in base 15?
4
Convert -45a (base 14) to base 3.
-1012000
Convert -45331 (base 8) to base 3.
-222021200
Convert -201141 (base 5) to base 4.
-1210111
What is -602 (base 8) in base 16?
-182
What is -104d0 (base 14) in base 6?
-502154
-30350 (base 8) to base 9
-18151
What is -113412 (base 5) in base 6?
-31332
Convert -4436 (base 11) to base 15.
-1aec
What is 1784 (base 14) in base 12?
2548
131002 (base 4) to base 6
12334
Convert 13034 (base 6) to base 9.
2624
What is -52e (base 15) in base 2?
-10010010001
What is -703 (base 14) in base 9?
-1787
-413 (base 6) to base 14
-ad
Convert -10c5c (base 13) to base 12.
-158b6
Convert 48cc (base 14) to base 3.
122110021
Convert -120112002 (base 3) to base 11.
-8557
-589 (base 15) to base 13
-756
Convert -2581 (base 15) to base 6.
-101004
What is 16280 (base 9) in base 8?
25641
-413 (base 14) to base 12
-569
What is 1110111010101101 (base 2) in base 12?
2b439
-10512 (base 6) to base 2
-10111001100
-101000101010 (base 2) to base 15
-b87
What is -1035 (base 8) in base 4?
-20131
Convert 10 (base 5) to base 15.
5
What is -924 (base 14) in base 10?
-1796
Convert -11010 (base 2) to base 6.
-42
91c (base 16) to base 6
14444
What is -31466 (base 9) in base 3?
-1001112020
What is d9a (base 14) in base 2?
101001111100
What is 1a5 (base 16) in base 6?
1541
-141413 (base 6) to base 8
-32021
-129bc (base 14) to base 10
-45834
Convert -2c7 (base 15) to base 8.
-1175
What is 1ab (base 13) in base 10?
310
What is -140256 (base 7) in base 16?
-67b6
Convert -36750 (base 10) to base 6.
-442050
What is -254 (base 6) in base 14?
-78
405540 (base 6) to base 11
22374
102422 (base 6) to base 11
6316
1959 (base 11) to base 8
4664
1089 (base 10) to base 4
101001
Convert -1099 (base 10) to base 14.
-587
Convert -90a5 (base 13) to base 4.
-10313010
What is -a680 (base 13) in base 6?
-254520
What is -674 (base 12) in base 15?
-437
What is -2000012 (base 3) in base 2?
-10110110111
What is 14250 (base 7) in base 9?
5320
Convert 11214 (base 5) to base 15.
38e
-32b1 (base 12) to base 8
-12745
What is 1251 (base 6) in base 10?
319
10010 (base 2) to base 9
20
28204 (base 9) to base 13
891a
What is -305 (base 15) in base 12?
-488
Convert 21402 (base 5) to base 6.
10501
What is 260 (base 9) in base 11?
187
What is 10062 (base 7) in base 12?
14b9
Convert 2227 (base 12) to base 5.
110100
Convert 216 (base 14) to base 15.
1c7
Convert 486 (base 11) to base 2.
1001000010
10547 (base 14) to base 4
21220203
5614 (base 8) to base 2
101110001100
What is 14243 (base 6) in base 9?
3080
What is 279 (base 16) in base 5?
10013
What is -21a0 (base 11) in base 7?
-11302
Convert -430440 (base 5) to base 8.
-34237
Convert -1875 (base 14) to base 12.
-267b
1021201 (base 3) to base 14
4ad
-3154 (base 7) to base 16
-45d
What is 15491 (base 10) in base 4?
3302003
535 (base 10) to base 12
387
Convert 2012021 (base 3) to base 7.
4